Suppose v*z - 26*z = 76. What is the highest common divisor of 19 and z?
19
Let w be (240/(-50))/(-3*(-2)/30). Suppose 3*d + 3*l + 57 = 0, -4*l + 0 + 8 = -2*d. Let a = d - w. What is the highest common divisor of 40 and a?
10
Let h(d) = -7*d + 78. Let o(u) = u**2 - 6*u - 52. Let k be o(-5). Let y be h(k). Calculate the highest common factor of 228 and y.
57
Suppose -4*j + 5*j + 12 = 0. Let t be -5 + (-3)/j*268. Calculate the greatest common factor of t and 186.
62
Suppose a + 3*b - 343 = 569, -4560 = -5*a - 3*b. What is the highest common divisor of 168 and a?
24
Let d(j) = -j**3 - 4*j**2 - 5*j - 2. Let a be d(-1). Suppose 8*p - 7*p + 2 = a, -p = 5*w - 133. What is the highest common factor of 306 and w?
9
Let x(f) be the third derivative of -2*f**4/3 - 6*f**3 + 10*f**2 - 5. Let p be x(-32). Calculate the greatest common divisor of 68 and p.
68
Suppose -4*h - 36 = -2*a + 44, 0 = a - 5*h - 55. Calculate the highest common divisor of 5820 and a.
30
Suppose 48*b - 45*b - 12 = 0. Suppose -b*r + 22 = -2. Suppose -y + 24 = -16*k + 17*k, -4*y + 96 = k. Calculate the highest common factor of y and r.
6
Suppose l - 462 = -10*l. Let i = 142 - 72. What is the highest common divisor of l and i?
14
Let b = 2206 - 154. Calculate the highest common factor of 432 and b.
108
Suppose -4 = q + 4*a - 76, 205 = 3*q + a. Let i = -326 + 938. What is the greatest common factor of i and q?
68
Let q be 176/((3 - -2) + -3). Suppose 0 = 4*a - 152 - q. Suppose 54*x - a*x + 108 = 0. Calculate the greatest common factor of x and 18.
18
Let h(i) = -11*i**2 + 8*i + 9. Let k be h(-1). Let l(b) = -b**2 - 26*b - 130. Let z be l(k). Calculate the greatest common divisor of z and 30.
30
Let s be ((-8)/18 - 0) + (-220160)/(-774). Suppose -6*m + 4*d + s = -4*m, 4*m = -2*d + 578. What is the highest common divisor of m and 18?
18
Suppose q = 2*q - 3. Suppose -73*b + y = -77*b + 17, 0 = 5*b + 2*y - 22. Let t be q - b/((-12)/(-9))*-1. Calculate the highest common factor of t and 4.
2
Suppose 5*t - 4584 = -6*h, -69*t + h + 919 = -68*t. Calculate the greatest common factor of t and 216.
54
Suppose 38 + 22 = 15*q. Let b(c) = -c**3 - 29*c**2 - 100*c + 12. Let o be b(-25). Calculate the highest common divisor of q and o.
4
Suppose 3*i = 3*o - 36, 57 = -i + 53. What is the highest common divisor of 10 and o?
2
Let t = 685 + -678. Let s be -3 + (-1 - (-2 - 2)). Suppose s = -2*u + 2*q + 80, -t*u = -3*u + 5*q - 196. What is the highest common divisor of u and 396?
44
Let a(v) = 235*v - 2754. Let b be a(13). Calculate the greatest common factor of b and 1591.
43
Let i = -158 - -162. Suppose -4*j + 3*y - 252 = -6*j, 4*j = i*y + 524. Calculate the greatest common factor of 3 and j.
3
Suppose -2*t = x - 459, -5*x + 1231 = -t - 1097. Let i = -374 - -52. Let w = x + i. Calculate the highest common factor of 22 and w.
11
Let r = 13809 - 13795. What is the greatest common factor of r and 539?
7
Suppose -3*r + 0*r = -813. Let s = 1274 + -1465. Let m = r + s. Calculate the greatest common divisor of m and 10.
10
Let d be 1 - (1 + (-80)/2). Suppose 3*r + 127 = -5*n + 768, 0 = n + 5*r - 115. What is the greatest common factor of d and n?
10
Let j be 5/(-4)*-68*(-7)/(-350)*10. What is the greatest common factor of 8653 and j?
17
Let l(k) = 6*k + 5. Let w be l(3). Let u = w - -17. Suppose 2*v + u = 3*v. What is the highest common factor of 5 and v?
5
Suppose 0 = 4*u - 2*t - 114, 2*u = -u + 2*t + 85. Suppose -25 = -6*y + u. Calculate the highest common divisor of 6 and y.
3
Let i = 16 + -13. Let p be (136/6 - 0) + 1/i. Let s = p + 31. What is the highest common factor of 6 and s?
6
Let a be -1*20/35*(-42)/6. Suppose -19*k + 16*k - 3244 = -a*d, -5*d = -3*k - 4058. Calculate the highest common divisor of d and 22.
22
Let f(k) = k**3 + k**2 + k + 13. Let a(r) = -r - 12. Let p be a(-12). Let s be p*((-14)/(-8))/7. Let h be f(s). What is the highest common factor of h and 52?
13
Let z be 1*(-12)/(-30)*5 - 2. Let u(d) = -d**2 - 6*d + 4. Let k be u(z). What is the highest common factor of 54 and k?
2
Suppose 3*r - 7*r = -7*r + 2904. Calculate the highest common divisor of r and 4.
4
Let p(u) = -u**2 + u + 528. Let z be p(0). Let q be 379438/7913 - -6*5/615. What is the greatest common factor of q and z?
48
Suppose 6*c - 5062 = -4*s, -12*s + 14*s = 5*c + 2539. Calculate the greatest common divisor of s and 28.
7
Let m be (2/5)/((-1)/(-10)). Let n be 1*-1 + m/((-20)/(-135)). Suppose -4*a + n = f + 2*f, -2*f = -3*a + 28. What is the greatest common factor of a and 1?
1
Suppose -35*v - 14*v - 19 + 33339 = 0. Calculate the highest common divisor of v and 30.
10
Let u be 0*(4 + 27/(-6)). Let k be 2*2 - (-9 + 7 + u). Let o be 28*(k/21 + 0). Calculate the greatest common factor of 72 and o.
8
Let u be (-11750)/141*(-2 - 4). What is the greatest common divisor of 230 and u?
10
Let j be (2/4)/(-2*(-2)/24). Let k be (6 - 5) + -13 + 15. What is the greatest common divisor of k and j?
3
Let m = -2 + 10. Suppose 5*t - l = 1614, 4*l = 167 - 163. Suppose 0 = 5*p - t + 163. Calculate the highest common factor of p and m.
8
Suppose 5*t + 39 - 29 = 0. Let z be -12*((-98)/(-28) + (-7 - t)). Calculate the highest common factor of 12 and z.
6
Suppose -7*h + 2*h = -5*c - 45, 5*h = 4*c + 49. Let j(d) = 91*d**3 - 2*d + 1. Let i be j(1). Let v = i + -64. What is the highest common divisor of h and v?
13
Let a(x) = 7*x**2 - 129*x - 830. Let h be a(-7). Calculate the highest common factor of h and 117.
13
Suppose 119 = 6*u + 43 - 926. What is the greatest common divisor of u and 668?
167
Let k be 14/(-35)*65*(-15)/10. Suppose 2*v = o + 6, 0*o + v - 3 = 2*o. Suppose o = -p + 77 + 1. What is the highest common factor of p and k?
39
Let x be (1*15/9)/((-5)/(-18)). Suppose 0 = -x*t + t + 60. What is the highest common factor of t and 114?
6
Let t = -960 - -1389. Let q(d) = d**2 - 3*d + 66. Let z be q(0). Calculate the highest common divisor of t and z.
33
Let c be (1/(-3))/(64/(-21) - -3). Suppose 1350 = c*k + 3*k. Let a(m) = m**2 + 5*m + 9. Let r be a(-6). What is the greatest common factor of r and k?
15
Let y(n) = n**3 + 6*n**2 - 10*n - 16. Let w be y(8). Calculate the highest common factor of 2600 and w.
200
Let g = 1304 - 1088. Calculate the greatest common divisor of g and 168.
24
Let a be ((27/(-6))/3)/(55/(-660)). Let o(b) = b**2 + 5*b + 24. Let p be o(-6). Calculate the greatest common factor of a and p.
6
Suppose -810 = 46*w - 64*w. What is the highest common factor of 144 and w?
9
Let n(k) = k - 9. Let t be n(8). Let g be 72/21*(t + 22). Let d(j) = 10*j - 26. Let h be d(5). Calculate the greatest common factor of g and h.
24
Let i be (-96 + -3)*(-1)/(-3)*(5 - 10). Calculate the greatest common divisor of 165 and i.
165
Suppose 0 = -b + i + 285, 21*i = -2*b + 26*i + 579. Suppose 276*h - b*h = -12. What is the greatest common factor of 50 and h?
2
Let l be (35 - 0)/(-5) + 3059/23. Calculate the greatest common factor of l and 2988.
18
Let q(o) = -o**3 - 23*o**2 + 4*o + 35. Let j be q(-23). Let m be (j/(-21) + -1)*35/10. What is the greatest common divisor of m and 20?
2
Suppose -2*k - 19404 = -22*k - 24*k. What is the highest common divisor of 216 and k?
9
Suppose 2*v - 74 = 6*i - 78, 3*v + 3*i = 42. Suppose -1440 = -2*s - 2*s. Calculate the greatest common factor of s and v.
10
Suppose 3387 - 4149 = -85*f + 4508. Suppose x + 3*x - 248 = 0. Calculate the highest common divisor of f and x.
62
Suppose 0 = -u + 24 - 18. Let x be (16/(-6))/((-4)/u). Suppose 4*b - 2 = 2*f - 46, 58 = x*f - 2*b. Calculate the highest common divisor of f and 18.
6
Suppose -11 = -4*z + 18 + 115. Let n(x) = x + 1. Let f be n(1). Suppose -18 - z = -f*y. Calculate the greatest common factor of 135 and y.
27
Suppose -21*z + 14*z = -322. Suppose -z*t + 352 = -38*t. What is the highest common divisor of 528 and t?
44
Suppose s + 2458 = -5*m + 927, 4*m + 5*s = -1208. Let f = m + 329. What is the greatest common divisor of 4 and f?
2
Suppose 2*l - 4*y + 186 = 2900, 4*l = 4*y + 5440. Let v = -218382 + 218411. What is the highest common divisor of v and l?
29
Suppose -5*d = 15, -q + 2*d + 3*d = -24. Let k(a) = 4*a + 24. Let c be k(0). Let r be (-2 - c/(-10)) + 798/30. What is the greatest common factor of r and q?
9
Let n = 26423 - 26407. What is the greatest common di